{"id":283,"date":"2025-07-02T14:48:49","date_gmt":"2025-07-02T14:48:49","guid":{"rendered":"https:\/\/msmindustria.com.br\/wordpress\/?page_id=283"},"modified":"2025-08-20T10:32:34","modified_gmt":"2025-08-20T10:32:34","slug":"produtos","status":"publish","type":"page","link":"https:\/\/msmindustria.com.br\/index.php\/produtos\/","title":{"rendered":"Produtos"},"content":{"rendered":"\t\t<div data-elementor-type=\"wp-page\" data-elementor-id=\"283\" class=\"elementor elementor-283\">\n\t\t\t\t<div class=\"elementor-element elementor-element-572ef5d8 e-flex e-con-boxed e-con e-parent\" data-id=\"572ef5d8\" data-element_type=\"container\" data-settings=\"{&quot;background_background&quot;:&quot;slideshow&quot;,&quot;background_slideshow_gallery&quot;:[{&quot;id&quot;:27,&quot;url&quot;:&quot;https:\\\/\\\/msmindustria.com.br\\\/wp-content\\\/uploads\\\/2025\\\/07\\\/Capa-1-home.png&quot;}],&quot;background_slideshow_loop&quot;:&quot;yes&quot;,&quot;background_slideshow_slide_duration&quot;:5000,&quot;background_slideshow_slide_transition&quot;:&quot;fade&quot;,&quot;background_slideshow_transition_duration&quot;:500}\">\n\t\t\t\t\t<div class=\"e-con-inner\">\n\t\t<div class=\"elementor-element elementor-element-4518eb56 e-con-full e-flex e-con e-child\" data-id=\"4518eb56\" data-element_type=\"container\">\n\t\t\t\t<div class=\"elementor-element elementor-element-6dfa5bde elementor-widget elementor-widget-spacer\" data-id=\"6dfa5bde\" data-element_type=\"widget\" data-widget_type=\"spacer.default\">\n\t\t\t\t<div class=\"elementor-widget-container\">\n\t\t\t\t\t\t\t<div class=\"elementor-spacer\">\n\t\t\t<div class=\"elementor-spacer-inner\"><\/div>\n\t\t<\/div>\n\t\t\t\t\t\t<\/div>\n\t\t\t\t<\/div>\n\t\t\t\t<div class=\"elementor-element elementor-element-4065a803 elementor-widget elementor-widget-heading\" data-id=\"4065a803\" data-element_type=\"widget\" data-widget_type=\"heading.default\">\n\t\t\t\t<div class=\"elementor-widget-container\">\n\t\t\t\t\t<h2 class=\"elementor-heading-title elementor-size-default\">PRODUTOS<\/h2>\t\t\t\t<\/div>\n\t\t\t\t<\/div>\n\t\t\t\t<div class=\"elementor-element elementor-element-5ac8f6e5 elementor-widget elementor-widget-spacer\" data-id=\"5ac8f6e5\" data-element_type=\"widget\" data-widget_type=\"spacer.default\">\n\t\t\t\t<div class=\"elementor-widget-container\">\n\t\t\t\t\t\t\t<div class=\"elementor-spacer\">\n\t\t\t<div class=\"elementor-spacer-inner\"><\/div>\n\t\t<\/div>\n\t\t\t\t\t\t<\/div>\n\t\t\t\t<\/div>\n\t\t\t\t<\/div>\n\t\t\t\t\t<\/div>\n\t\t\t\t<\/div>\n\t\t<div class=\"elementor-element elementor-element-aedbcba e-flex e-con-boxed e-con e-parent\" data-id=\"aedbcba\" data-element_type=\"container\">\n\t\t\t\t\t<div class=\"e-con-inner\">\n\t\t\t\t<div class=\"elementor-element elementor-element-947eb0d elementor-widget elementor-widget-spacer\" data-id=\"947eb0d\" data-element_type=\"widget\" data-widget_type=\"spacer.default\">\n\t\t\t\t<div class=\"elementor-widget-container\">\n\t\t\t\t\t\t\t<div class=\"elementor-spacer\">\n\t\t\t<div class=\"elementor-spacer-inner\"><\/div>\n\t\t<\/div>\n\t\t\t\t\t\t<\/div>\n\t\t\t\t<\/div>\n\t\t\t\t\t<\/div>\n\t\t\t\t<\/div>\n\t\t<div class=\"elementor-element elementor-element-4bcf8ec e-flex e-con-boxed e-con e-parent\" data-id=\"4bcf8ec\" data-element_type=\"container\">\n\t\t\t\t\t<div class=\"e-con-inner\">\n\t\t<div class=\"elementor-element elementor-element-9b884d0 e-con-full e-flex e-con e-child\" data-id=\"9b884d0\" data-element_type=\"container\">\n\t\t\t\t<div class=\"elementor-element elementor-element-aefcd88 elementor-widget elementor-widget-image\" data-id=\"aefcd88\" data-element_type=\"widget\" data-widget_type=\"image.default\">\n\t\t\t\t<div class=\"elementor-widget-container\">\n\t\t\t\t\t\t\t\t\t\t\t\t\t\t\t\t<a href=\"https:\/\/msmindustria.com.br\/index.php\/catalogo-eletronico-normas\/\">\n\t\t\t\t\t\t\t<img fetchpriority=\"high\" decoding=\"async\" width=\"800\" height=\"724\" src=\"https:\/\/msmindustria.com.br\/wp-content\/uploads\/2025\/07\/catalogo-eletronico.png\" class=\"attachment-large size-large wp-image-23\" alt=\"Acesso ao cat\u00e1logo eletr\u00f4nico da MSM Ind\u00fastria com todos os produtos e especifica\u00e7\u00f5es t\u00e9cnicas.\" srcset=\"https:\/\/msmindustria.com.br\/wp-content\/uploads\/2025\/07\/catalogo-eletronico.png 986w, https:\/\/msmindustria.com.br\/wp-content\/uploads\/2025\/07\/catalogo-eletronico-300x271.png 300w, https:\/\/msmindustria.com.br\/wp-content\/uploads\/2025\/07\/catalogo-eletronico-768x695.png 768w\" sizes=\"(max-width: 800px) 100vw, 800px\" \/>\t\t\t\t\t\t\t\t<\/a>\n\t\t\t\t\t\t\t\t\t\t\t\t\t\t\t<\/div>\n\t\t\t\t<\/div>\n\t\t\t\t<\/div>\n\t\t<div class=\"elementor-element elementor-element-e94a7a7 e-con-full e-flex e-con e-child\" data-id=\"e94a7a7\" data-element_type=\"container\">\n\t\t\t\t<div class=\"elementor-element elementor-element-439212e elementor-widget elementor-widget-image\" data-id=\"439212e\" data-element_type=\"widget\" data-widget_type=\"image.default\">\n\t\t\t\t<div class=\"elementor-widget-container\">\n\t\t\t\t\t\t\t\t\t\t\t\t\t\t\t\t<a href=\"https:\/\/msmindustria.com.br\/index.php\/parafusos-2\/\">\n\t\t\t\t\t\t\t<img decoding=\"async\" width=\"800\" height=\"724\" src=\"https:\/\/msmindustria.com.br\/wp-content\/uploads\/2025\/07\/parafusos.png\" class=\"attachment-large size-large wp-image-26\" alt=\"Categoria de parafusos especiais fabricados pela MSM Ind\u00fastria para aplica\u00e7\u00f5es industriais.\" srcset=\"https:\/\/msmindustria.com.br\/wp-content\/uploads\/2025\/07\/parafusos.png 986w, https:\/\/msmindustria.com.br\/wp-content\/uploads\/2025\/07\/parafusos-300x271.png 300w, https:\/\/msmindustria.com.br\/wp-content\/uploads\/2025\/07\/parafusos-768x695.png 768w\" sizes=\"(max-width: 800px) 100vw, 800px\" \/>\t\t\t\t\t\t\t\t<\/a>\n\t\t\t\t\t\t\t\t\t\t\t\t\t\t\t<\/div>\n\t\t\t\t<\/div>\n\t\t\t\t<div class=\"elementor-element elementor-element-dca8e22 elementor-widget elementor-widget-image\" data-id=\"dca8e22\" data-element_type=\"widget\" data-widget_type=\"image.default\">\n\t\t\t\t<div class=\"elementor-widget-container\">\n\t\t\t\t\t\t\t\t\t\t\t\t\t\t\t\t<a href=\"https:\/\/msmindustria.com.br\/index.php\/porcas-2\/\">\n\t\t\t\t\t\t\t<img decoding=\"async\" width=\"800\" height=\"724\" src=\"https:\/\/msmindustria.com.br\/wp-content\/uploads\/2025\/07\/porcas.png\" class=\"attachment-large size-large wp-image-24\" alt=\"Porcas industriais especiais produzidas pela MSM Ind\u00fastria para sistemas de fixa\u00e7\u00e3o confi\u00e1veis.\" srcset=\"https:\/\/msmindustria.com.br\/wp-content\/uploads\/2025\/07\/porcas.png 986w, https:\/\/msmindustria.com.br\/wp-content\/uploads\/2025\/07\/porcas-300x271.png 300w, https:\/\/msmindustria.com.br\/wp-content\/uploads\/2025\/07\/porcas-768x695.png 768w\" sizes=\"(max-width: 800px) 100vw, 800px\" \/>\t\t\t\t\t\t\t\t<\/a>\n\t\t\t\t\t\t\t\t\t\t\t\t\t\t\t<\/div>\n\t\t\t\t<\/div>\n\t\t\t\t<\/div>\n\t\t<div class=\"elementor-element elementor-element-c15e156 e-con-full e-flex e-con e-child\" data-id=\"c15e156\" data-element_type=\"container\">\n\t\t\t\t<div class=\"elementor-element elementor-element-638d8bd elementor-widget elementor-widget-image\" data-id=\"638d8bd\" data-element_type=\"widget\" data-widget_type=\"image.default\">\n\t\t\t\t<div class=\"elementor-widget-container\">\n\t\t\t\t\t\t\t\t\t\t\t\t\t\t\t\t<a href=\"https:\/\/msmindustria.com.br\/index.php\/estojos-prisioneiros\/\">\n\t\t\t\t\t\t\t<img loading=\"lazy\" decoding=\"async\" width=\"800\" height=\"724\" src=\"https:\/\/msmindustria.com.br\/wp-content\/uploads\/2025\/07\/estojos-e-prisioneiros.png\" class=\"attachment-large size-large wp-image-25\" alt=\"Prisioneiros industriais desenvolvidos sob medida pela MSM Ind\u00fastria para fixa\u00e7\u00e3o robusta.\" srcset=\"https:\/\/msmindustria.com.br\/wp-content\/uploads\/2025\/07\/estojos-e-prisioneiros.png 986w, https:\/\/msmindustria.com.br\/wp-content\/uploads\/2025\/07\/estojos-e-prisioneiros-300x271.png 300w, https:\/\/msmindustria.com.br\/wp-content\/uploads\/2025\/07\/estojos-e-prisioneiros-768x695.png 768w\" sizes=\"(max-width: 800px) 100vw, 800px\" \/>\t\t\t\t\t\t\t\t<\/a>\n\t\t\t\t\t\t\t\t\t\t\t\t\t\t\t<\/div>\n\t\t\t\t<\/div>\n\t\t\t\t<div class=\"elementor-element elementor-element-eeca108 elementor-widget elementor-widget-image\" data-id=\"eeca108\" data-element_type=\"widget\" data-widget_type=\"image.default\">\n\t\t\t\t<div class=\"elementor-widget-container\">\n\t\t\t\t\t\t\t\t\t\t\t\t\t\t\t\t<a href=\"https:\/\/msmindustria.com.br\/index.php\/arruelas-2\/\">\n\t\t\t\t\t\t\t<img loading=\"lazy\" decoding=\"async\" width=\"800\" height=\"724\" src=\"https:\/\/msmindustria.com.br\/wp-content\/uploads\/2025\/07\/arruelas.png\" class=\"attachment-large size-large wp-image-21\" alt=\"Arruelas especiais da MSM Ind\u00fastria utilizadas para veda\u00e7\u00e3o e distribui\u00e7\u00e3o de carga em fixa\u00e7\u00f5es industriais.\" srcset=\"https:\/\/msmindustria.com.br\/wp-content\/uploads\/2025\/07\/arruelas.png 986w, https:\/\/msmindustria.com.br\/wp-content\/uploads\/2025\/07\/arruelas-300x271.png 300w, https:\/\/msmindustria.com.br\/wp-content\/uploads\/2025\/07\/arruelas-768x695.png 768w\" sizes=\"(max-width: 800px) 100vw, 800px\" \/>\t\t\t\t\t\t\t\t<\/a>\n\t\t\t\t\t\t\t\t\t\t\t\t\t\t\t<\/div>\n\t\t\t\t<\/div>\n\t\t\t\t<div class=\"elementor-element elementor-element-79c6e69 elementor-widget elementor-widget-image\" data-id=\"79c6e69\" data-element_type=\"widget\" data-widget_type=\"image.default\">\n\t\t\t\t<div class=\"elementor-widget-container\">\n\t\t\t\t\t\t\t\t\t\t\t\t\t\t\t\t<a href=\"https:\/\/msmindustria.com.br\/index.php\/fixadores-especiais-2\/\">\n\t\t\t\t\t\t\t<img loading=\"lazy\" decoding=\"async\" width=\"800\" height=\"724\" src=\"https:\/\/msmindustria.com.br\/wp-content\/uploads\/2025\/07\/fixadores-especiais.png\" class=\"attachment-large size-large wp-image-22\" alt=\"Sistemas de fixa\u00e7\u00e3o especiais da MSM Ind\u00fastria desenvolvidos sob demanda.\" srcset=\"https:\/\/msmindustria.com.br\/wp-content\/uploads\/2025\/07\/fixadores-especiais.png 986w, https:\/\/msmindustria.com.br\/wp-content\/uploads\/2025\/07\/fixadores-especiais-300x271.png 300w, https:\/\/msmindustria.com.br\/wp-content\/uploads\/2025\/07\/fixadores-especiais-768x695.png 768w\" sizes=\"(max-width: 800px) 100vw, 800px\" \/>\t\t\t\t\t\t\t\t<\/a>\n\t\t\t\t\t\t\t\t\t\t\t\t\t\t\t<\/div>\n\t\t\t\t<\/div>\n\t\t\t\t<\/div>\n\t\t\t\t\t<\/div>\n\t\t\t\t<\/div>\n\t\t<div class=\"elementor-element elementor-element-185f236 e-flex e-con-boxed e-con e-parent\" data-id=\"185f236\" data-element_type=\"container\">\n\t\t\t\t\t<div class=\"e-con-inner\">\n\t\t\t\t<div class=\"elementor-element elementor-element-68d0589 elementor-widget elementor-widget-spacer\" data-id=\"68d0589\" data-element_type=\"widget\" data-widget_type=\"spacer.default\">\n\t\t\t\t<div class=\"elementor-widget-container\">\n\t\t\t\t\t\t\t<div class=\"elementor-spacer\">\n\t\t\t<div class=\"elementor-spacer-inner\"><\/div>\n\t\t<\/div>\n\t\t\t\t\t\t<\/div>\n\t\t\t\t<\/div>\n\t\t\t\t\t<\/div>\n\t\t\t\t<\/div>\n\t\t\t\t<\/div>\n\t\t","protected":false},"excerpt":{"rendered":"<p>PRODUTOS<\/p>\n","protected":false},"author":1,"featured_media":0,"parent":0,"menu_order":0,"comment_status":"closed","ping_status":"closed","template":"","meta":{"footnotes":""},"class_list":["post-283","page","type-page","status-publish","hentry"],"_links":{"self":[{"href":"https:\/\/msmindustria.com.br\/index.php\/wp-json\/wp\/v2\/pages\/283","targetHints":{"allow":["GET"]}}],"collection":[{"href":"https:\/\/msmindustria.com.br\/index.php\/wp-json\/wp\/v2\/pages"}],"about":[{"href":"https:\/\/msmindustria.com.br\/index.php\/wp-json\/wp\/v2\/types\/page"}],"author":[{"embeddable":true,"href":"https:\/\/msmindustria.com.br\/index.php\/wp-json\/wp\/v2\/users\/1"}],"replies":[{"embeddable":true,"href":"https:\/\/msmindustria.com.br\/index.php\/wp-json\/wp\/v2\/comments?post=283"}],"version-history":[{"count":13,"href":"https:\/\/msmindustria.com.br\/index.php\/wp-json\/wp\/v2\/pages\/283\/revisions"}],"predecessor-version":[{"id":985,"href":"https:\/\/msmindustria.com.br\/index.php\/wp-json\/wp\/v2\/pages\/283\/revisions\/985"}],"wp:attachment":[{"href":"https:\/\/msmindustria.com.br\/index.php\/wp-json\/wp\/v2\/media?parent=283"}],"curies":[{"name":"wp","href":"https:\/\/api.w.org\/{rel}","templated":true}]}}