{"id":626,"date":"2025-07-14T16:34:29","date_gmt":"2025-07-14T16:34:29","guid":{"rendered":"https:\/\/msmindustria.com.br\/wordpress\/?page_id=626"},"modified":"2025-08-20T12:11:20","modified_gmt":"2025-08-20T12:11:20","slug":"parafuso-estojo-prisioneiro-tirante-barra-rosqueada","status":"publish","type":"page","link":"https:\/\/msmindustria.com.br\/index.php\/parafuso-estojo-prisioneiro-tirante-barra-rosqueada\/","title":{"rendered":"Parafuso Estojo \/ Prisioneiro \/ Tirante \/ Barra Rosqueada"},"content":{"rendered":"\t\t<div data-elementor-type=\"wp-page\" data-elementor-id=\"626\" class=\"elementor elementor-626\">\n\t\t\t\t<div class=\"elementor-element elementor-element-5213d54d e-flex e-con-boxed e-con e-parent\" data-id=\"5213d54d\" data-element_type=\"container\" data-settings=\"{&quot;background_background&quot;:&quot;slideshow&quot;,&quot;background_slideshow_gallery&quot;:[{&quot;id&quot;:553,&quot;url&quot;:&quot;https:\\\/\\\/msmindustria.com.br\\\/wp-content\\\/uploads\\\/2025\\\/07\\\/catal-scaled.webp&quot;}],&quot;background_slideshow_loop&quot;:&quot;yes&quot;,&quot;background_slideshow_slide_duration&quot;:5000,&quot;background_slideshow_slide_transition&quot;:&quot;fade&quot;,&quot;background_slideshow_transition_duration&quot;:500}\">\n\t\t\t\t\t<div class=\"e-con-inner\">\n\t\t<div class=\"elementor-element elementor-element-249b5ae2 e-con-full e-flex e-con e-child\" data-id=\"249b5ae2\" data-element_type=\"container\">\n\t\t\t\t<div class=\"elementor-element elementor-element-33e61e60 elementor-widget elementor-widget-spacer\" data-id=\"33e61e60\" data-element_type=\"widget\" data-widget_type=\"spacer.default\">\n\t\t\t\t<div class=\"elementor-widget-container\">\n\t\t\t\t\t\t\t<div class=\"elementor-spacer\">\n\t\t\t<div class=\"elementor-spacer-inner\"><\/div>\n\t\t<\/div>\n\t\t\t\t\t\t<\/div>\n\t\t\t\t<\/div>\n\t\t\t\t<div class=\"elementor-element elementor-element-3a486efb elementor-widget__width-initial elementor-widget elementor-widget-heading\" data-id=\"3a486efb\" data-element_type=\"widget\" data-widget_type=\"heading.default\">\n\t\t\t\t<div class=\"elementor-widget-container\">\n\t\t\t\t\t<h2 class=\"elementor-heading-title elementor-size-default\">Parafuso Estojo \/ Prisioneiro \/ Tirante \/ Barra Rosqueada<\/h2>\t\t\t\t<\/div>\n\t\t\t\t<\/div>\n\t\t\t\t<div class=\"elementor-element elementor-element-464122af elementor-widget elementor-widget-spacer\" data-id=\"464122af\" data-element_type=\"widget\" data-widget_type=\"spacer.default\">\n\t\t\t\t<div class=\"elementor-widget-container\">\n\t\t\t\t\t\t\t<div class=\"elementor-spacer\">\n\t\t\t<div class=\"elementor-spacer-inner\"><\/div>\n\t\t<\/div>\n\t\t\t\t\t\t<\/div>\n\t\t\t\t<\/div>\n\t\t\t\t<\/div>\n\t\t\t\t\t<\/div>\n\t\t\t\t<\/div>\n\t\t<div class=\"elementor-element elementor-element-71594974 e-flex e-con-boxed e-con e-parent\" data-id=\"71594974\" data-element_type=\"container\">\n\t\t\t\t\t<div class=\"e-con-inner\">\n\t\t<div class=\"elementor-element elementor-element-755e6b05 e-con-full e-flex e-con e-child\" data-id=\"755e6b05\" data-element_type=\"container\">\n\t\t\t\t<div class=\"elementor-element elementor-element-3319fd36 elementor-widget elementor-widget-image\" data-id=\"3319fd36\" data-element_type=\"widget\" data-widget_type=\"image.default\">\n\t\t\t\t<div class=\"elementor-widget-container\">\n\t\t\t\t\t\t\t\t\t\t\t\t\t\t\t<img fetchpriority=\"high\" decoding=\"async\" width=\"450\" height=\"203\" src=\"https:\/\/msmindustria.com.br\/wp-content\/uploads\/2025\/07\/peptbr.jpg\" class=\"attachment-large size-large wp-image-628\" alt=\"\" srcset=\"https:\/\/msmindustria.com.br\/wp-content\/uploads\/2025\/07\/peptbr.jpg 450w, https:\/\/msmindustria.com.br\/wp-content\/uploads\/2025\/07\/peptbr-300x135.jpg 300w\" sizes=\"(max-width: 450px) 100vw, 450px\" \/>\t\t\t\t\t\t\t\t\t\t\t\t\t\t\t<\/div>\n\t\t\t\t<\/div>\n\t\t\t\t<\/div>\n\t\t<div class=\"elementor-element elementor-element-5a30087a e-con-full e-flex e-con e-child\" data-id=\"5a30087a\" data-element_type=\"container\">\n\t\t\t\t<div class=\"elementor-element elementor-element-6d5bd08d elementor-widget__width-initial elementor-widget elementor-widget-heading\" data-id=\"6d5bd08d\" data-element_type=\"widget\" data-widget_type=\"heading.default\">\n\t\t\t\t<div class=\"elementor-widget-container\">\n\t\t\t\t\t<h2 class=\"elementor-heading-title elementor-size-default\">\nREFER\u00caNCIA\nASME B16.5 - 2009 e ASME B1.1<\/h2>\t\t\t\t<\/div>\n\t\t\t\t<\/div>\n\t\t<div class=\"elementor-element elementor-element-1528a74 e-con-full e-flex e-con e-child\" data-id=\"1528a74\" data-element_type=\"container\">\n\t\t\t\t<div class=\"elementor-element elementor-element-8bb3b79 elementor-widget elementor-widget-button\" data-id=\"8bb3b79\" data-element_type=\"widget\" data-widget_type=\"button.default\">\n\t\t\t\t<div class=\"elementor-widget-container\">\n\t\t\t\t\t\t\t\t\t<div class=\"elementor-button-wrapper\">\n\t\t\t\t\t<a class=\"elementor-button elementor-button-link elementor-size-sm\" href=\"https:\/\/msmindustria.com.br\/index.php\/estojos-prisioneiros\/\">\n\t\t\t\t\t\t<span class=\"elementor-button-content-wrapper\">\n\t\t\t\t\t\t<span class=\"elementor-button-icon\">\n\t\t\t\t<i aria-hidden=\"true\" class=\"far fa-arrow-alt-circle-right\"><\/i>\t\t\t<\/span>\n\t\t\t\t\t\t\t\t\t<span class=\"elementor-button-text\">Veja outros modelos<\/span>\n\t\t\t\t\t<\/span>\n\t\t\t\t\t<\/a>\n\t\t\t\t<\/div>\n\t\t\t\t\t\t\t\t<\/div>\n\t\t\t\t<\/div>\n\t\t\t\t<div class=\"elementor-element elementor-element-c5f4c8b elementor-widget elementor-widget-button\" data-id=\"c5f4c8b\" data-element_type=\"widget\" data-widget_type=\"button.default\">\n\t\t\t\t<div class=\"elementor-widget-container\">\n\t\t\t\t\t\t\t\t\t<div class=\"elementor-button-wrapper\">\n\t\t\t\t\t<a class=\"elementor-button elementor-button-link elementor-size-sm\" href=\"https:\/\/msmindustria.com.br\/index.php\/produtos\/\">\n\t\t\t\t\t\t<span class=\"elementor-button-content-wrapper\">\n\t\t\t\t\t\t<span class=\"elementor-button-icon\">\n\t\t\t\t<i aria-hidden=\"true\" class=\"fas fa-arrow-alt-circle-right\"><\/i>\t\t\t<\/span>\n\t\t\t\t\t\t\t\t\t<span class=\"elementor-button-text\">Veja outros Produtos<\/span>\n\t\t\t\t\t<\/span>\n\t\t\t\t\t<\/a>\n\t\t\t\t<\/div>\n\t\t\t\t\t\t\t\t<\/div>\n\t\t\t\t<\/div>\n\t\t\t\t<\/div>\n\t\t\t\t<\/div>\n\t\t\t\t\t<\/div>\n\t\t\t\t<\/div>\n\t\t<div class=\"elementor-element elementor-element-51ab6c7 e-flex e-con-boxed e-con e-parent\" data-id=\"51ab6c7\" data-element_type=\"container\">\n\t\t\t\t\t<div class=\"e-con-inner\">\n\t\t<div class=\"elementor-element elementor-element-546a258e e-con-full e-flex e-con e-child\" data-id=\"546a258e\" data-element_type=\"container\">\n\t\t\t\t<div class=\"elementor-element elementor-element-243a03e1 elementor-widget elementor-widget-html\" data-id=\"243a03e1\" data-element_type=\"widget\" data-widget_type=\"html.default\">\n\t\t\t\t<div class=\"elementor-widget-container\">\n\t\t\t\t\t<style>\r\n  .table-container {\r\n    overflow-x: auto;\r\n    -webkit-overflow-scrolling: touch;\r\n  }\r\n  table.waffle {\r\n    border-collapse: collapse;\r\n    width: 100%;\r\n    min-width: 800px;\r\n  }\r\n  table.waffle td, table.waffle th {\r\n    border: 1px solid #000;\r\n    text-align: center;\r\n    padding: 4px;\r\n    font-family: Arial, sans-serif;\r\n    font-size: 12px;\r\n  }\r\n  .waffle .s0 { background: #003871; color: #fff; font-weight: bold; }\r\n  .waffle .s1 { background: #ffffff; color: #000; }\r\n  .waffle .s2 { background: #a91107; color: #fff; font-weight: bold; }\r\n<\/style>\r\n<!-- Aqui vem as linhas de dados -->\r\n\r\n<div class=\"ritz grid-container\" dir=\"ltr\">\r\n    <figure class=\"table\">\r\n        <table class=\"waffle\" cellspacing=\"0\" cellpadding=\"0\">\r\n            <tbody>\r\n                <tr style=\"height:20px;\">\r\n                    <td class=\"s0\" dir=\"ltr\">\r\n                        Di\u00e2metro Nominal\r\n                    <\/td>\r\n                    <td class=\"s0\" colspan=\"2\" dir=\"ltr\">\r\n                        Di\u00e2metro Externo\r\n                    <\/td>\r\n                    <td class=\"s0\" colspan=\"2\" dir=\"ltr\">\r\n                        Di\u00e2metro Primitivo\r\n                    <\/td>\r\n                <\/tr>\r\n                <tr style=\"height:32px;\">\r\n                    <td class=\"s0\" dir=\"ltr\">\r\n                        Classe 2A\r\n                    <\/td>\r\n                    <td class=\"s2\" dir=\"ltr\">\r\n                        m\u00e1x.\r\n                    <\/td>\r\n                    <td class=\"s2\" dir=\"ltr\">\r\n                        min.\r\n                    <\/td>\r\n                    <td class=\"s2\" dir=\"ltr\">\r\n                        m\u00e1x.\r\n                    <\/td>\r\n                    <td class=\"s2\" dir=\"ltr\">\r\n                        min.\r\n                    <\/td>\r\n                <\/tr>\r\n                <tr style=\"height:33px;\">\r\n                    <td class=\"s0\" dir=\"ltr\">\r\n                        1\/4\" - 20 UNC\r\n                    <\/td>\r\n                    <td class=\"s1\" dir=\"ltr\">\r\n                        6,322\r\n                    <\/td>\r\n                    <td class=\"s1\" dir=\"ltr\">\r\n                        6,117\r\n                    <\/td>\r\n                    <td class=\"s1\" dir=\"ltr\">\r\n                        5,496\r\n                    <\/td>\r\n                    <td class=\"s1\" dir=\"ltr\">\r\n                        5,403\r\n                    <\/td>\r\n                <\/tr>\r\n                <tr style=\"height:20px;\">\r\n                    <td class=\"s0\" dir=\"ltr\">\r\n                        5\/16\" - 18 UNC\r\n                    <\/td>\r\n                    <td class=\"s1\" dir=\"ltr\">\r\n                        7,907\r\n                    <\/td>\r\n                    <td class=\"s1\" dir=\"ltr\">\r\n                        7,687\r\n                    <\/td>\r\n                    <td class=\"s1\" dir=\"ltr\">\r\n                        6,99\r\n                    <\/td>\r\n                    <td class=\"s1\" dir=\"ltr\">\r\n                        6,889\r\n                    <\/td>\r\n                <\/tr>\r\n                <tr style=\"height:21px;\">\r\n                    <td class=\"s0\" dir=\"ltr\">\r\n                        3\/8\" - 16 UNC\r\n                    <\/td>\r\n                    <td class=\"s1\" dir=\"ltr\">\r\n                        9,491\r\n                    <\/td>\r\n                    <td class=\"s1\" dir=\"ltr\">\r\n                        9,254\r\n                    <\/td>\r\n                    <td class=\"s1\" dir=\"ltr\">\r\n                        8,46\r\n                    <\/td>\r\n                    <td class=\"s1\" dir=\"ltr\">\r\n                        8,349\r\n                    <\/td>\r\n                <\/tr>\r\n                <tr style=\"height:22px;\">\r\n                    <td class=\"s0\" dir=\"ltr\">\r\n                        7\/16\" - 14 UNC\r\n                    <\/td>\r\n                    <td class=\"s1\" dir=\"ltr\">\r\n                        11,076\r\n                    <\/td>\r\n                    <td class=\"s1\" dir=\"ltr\">\r\n                        10,816\r\n                    <\/td>\r\n                    <td class=\"s1\" dir=\"ltr\">\r\n                        9,898\r\n                    <\/td>\r\n                    <td class=\"s1\" dir=\"ltr\">\r\n                        9,779\r\n                    <\/td>\r\n                <\/tr>\r\n                <tr style=\"height:27px;\">\r\n                    <td class=\"s0\" dir=\"ltr\">\r\n                        1\/2\" - 13 UNC\r\n                    <\/td>\r\n                    <td class=\"s1\" dir=\"ltr\">\r\n                        12,661\r\n                    <\/td>\r\n                    <td class=\"s1\" dir=\"ltr\">\r\n                        12,386\r\n                    <\/td>\r\n                    <td class=\"s1\" dir=\"ltr\">\r\n                        11,392\r\n                    <\/td>\r\n                    <td class=\"s1\" dir=\"ltr\">\r\n                        11,265\r\n                    <\/td>\r\n                <\/tr>\r\n                <tr style=\"height:20px;\">\r\n                    <td class=\"s0\" dir=\"ltr\">\r\n                        9\/16\" - 12 UNC\r\n                    <\/td>\r\n                    <td class=\"s1\" dir=\"ltr\">\r\n                        14,246\r\n                    <\/td>\r\n                    <td class=\"s1\" dir=\"ltr\">\r\n                        13,958\r\n                    <\/td>\r\n                    <td class=\"s1\" dir=\"ltr\">\r\n                        12,873\r\n                    <\/td>\r\n                    <td class=\"s1\" dir=\"ltr\">\r\n                        12,741\r\n                    <\/td>\r\n                <\/tr>\r\n                <tr style=\"height:20px;\">\r\n                    <td class=\"s0\" dir=\"ltr\">\r\n                        5\/8\" - 11 UNC\r\n                    <\/td>\r\n                    <td class=\"s1\" dir=\"ltr\">\r\n                        15,834\r\n                    <\/td>\r\n                    <td class=\"s1\" dir=\"ltr\">\r\n                        15,528\r\n                    <\/td>\r\n                    <td class=\"s1\" dir=\"ltr\">\r\n                        14,335\r\n                    <\/td>\r\n                    <td class=\"s1\" dir=\"ltr\">\r\n                        14,197\r\n                    <\/td>\r\n                <\/tr>\r\n                <tr style=\"height:20px;\">\r\n                    <td class=\"s0\" dir=\"ltr\">\r\n                        3\/4\" - 10 UNC\r\n                    <\/td>\r\n                    <td class=\"s1\" dir=\"ltr\">\r\n                        19,004\r\n                    <\/td>\r\n                    <td class=\"s1\" dir=\"ltr\">\r\n                        18,677\r\n                    <\/td>\r\n                    <td class=\"s1\" dir=\"ltr\">\r\n                        17,353\r\n                    <\/td>\r\n                    <td class=\"s1\" dir=\"ltr\">\r\n                        17,204\r\n                    <\/td>\r\n                <\/tr>\r\n                <tr style=\"height:20px;\">\r\n                    <td class=\"s0\" dir=\"ltr\">\r\n                        7\/8\" - 9 UNC\r\n                    <\/td>\r\n                    <td class=\"s1\" dir=\"ltr\">\r\n                        22,176\r\n                    <\/td>\r\n                    <td class=\"s1\" dir=\"ltr\">\r\n                        21,824\r\n                    <\/td>\r\n                    <td class=\"s1\" dir=\"ltr\">\r\n                        20,342\r\n                    <\/td>\r\n                    <td class=\"s1\" dir=\"ltr\">\r\n                        20,183\r\n                    <\/td>\r\n                <\/tr>\r\n                <tr style=\"height:20px;\">\r\n                    <td class=\"s0\" dir=\"ltr\">\r\n                        1\" - 8 UNC\r\n                    <\/td>\r\n                    <td class=\"s1\" dir=\"ltr\">\r\n                        25,349\r\n                    <\/td>\r\n                    <td class=\"s1\" dir=\"ltr\">\r\n                        24,969\r\n                    <\/td>\r\n                    <td class=\"s1\" dir=\"ltr\">\r\n                        23,286\r\n                    <\/td>\r\n                    <td class=\"s1\" dir=\"ltr\">\r\n                        23,114\r\n                    <\/td>\r\n                <\/tr>\r\n                <tr style=\"height:20px;\">\r\n                    <td class=\"s0\" dir=\"ltr\">\r\n                        1.1\/8\" - 8 UN\r\n                    <\/td>\r\n                    <td class=\"s1\" dir=\"ltr\">\r\n                        28,521\r\n                    <\/td>\r\n                    <td class=\"s1\" dir=\"ltr\">\r\n                        28,141\r\n                    <\/td>\r\n                    <td class=\"s1\" dir=\"ltr\">\r\n                        26,459\r\n                    <\/td>\r\n                    <td class=\"s1\" dir=\"ltr\">\r\n                        26,284\r\n                    <\/td>\r\n                <\/tr>\r\n                <tr style=\"height:20px;\">\r\n                    <td class=\"s0\" dir=\"ltr\">\r\n                        1.1\/4\" - 8 UN\r\n                    <\/td>\r\n                    <td class=\"s1\" dir=\"ltr\">\r\n                        31,696\r\n                    <\/td>\r\n                    <td class=\"s1\" dir=\"ltr\">\r\n                        31,316\r\n                    <\/td>\r\n                    <td class=\"s1\" dir=\"ltr\">\r\n                        29,634\r\n                    <\/td>\r\n                    <td class=\"s1\" dir=\"ltr\">\r\n                        29,457\r\n                    <\/td>\r\n                <\/tr>\r\n                <tr style=\"height:20px;\">\r\n                    <td class=\"s0\" dir=\"ltr\">\r\n                        1.3\/8\" - 8 UN\r\n                    <\/td>\r\n                    <td class=\"s1\" dir=\"ltr\">\r\n                        34,869\r\n                    <\/td>\r\n                    <td class=\"s1\" dir=\"ltr\">\r\n                        34,489\r\n                    <\/td>\r\n                    <td class=\"s1\" dir=\"ltr\">\r\n                        32,806\r\n                    <\/td>\r\n                    <td class=\"s1\" dir=\"ltr\">\r\n                        32,624\r\n                    <\/td>\r\n                <\/tr>\r\n                <tr style=\"height:20px;\">\r\n                    <td class=\"s0\" dir=\"ltr\">\r\n                        1.1\/2\" - 8 UN\r\n                    <\/td>\r\n                    <td class=\"s1\" dir=\"ltr\">\r\n                        38,044\r\n                    <\/td>\r\n                    <td class=\"s1\" dir=\"ltr\">\r\n                        37,664\r\n                    <\/td>\r\n                    <td class=\"s1\" dir=\"ltr\">\r\n                        35,981\r\n                    <\/td>\r\n                    <td class=\"s1\" dir=\"ltr\">\r\n                        35,797\r\n                    <\/td>\r\n                <\/tr>\r\n                <tr style=\"height:20px;\">\r\n                    <td class=\"s0\" dir=\"ltr\">\r\n                        1.5\/8\" - 8 UN\r\n                    <\/td>\r\n                    <td class=\"s1\" dir=\"ltr\">\r\n                        41,219\r\n                    <\/td>\r\n                    <td class=\"s1\" dir=\"ltr\">\r\n                        40,839\r\n                    <\/td>\r\n                    <td class=\"s1\" dir=\"ltr\">\r\n                        39,156\r\n                    <\/td>\r\n                    <td class=\"s1\" dir=\"ltr\">\r\n                        38,969\r\n                    <\/td>\r\n                <\/tr>\r\n                <tr style=\"height:20px;\">\r\n                    <td class=\"s0\" dir=\"ltr\">\r\n                        1.3\/4\" - 8 UN\r\n                    <\/td>\r\n                    <td class=\"s1\" dir=\"ltr\">\r\n                        44,391\r\n                    <\/td>\r\n                    <td class=\"s1\" dir=\"ltr\">\r\n                        44,011\r\n                    <\/td>\r\n                    <td class=\"s1\" dir=\"ltr\">\r\n                        42,329\r\n                    <\/td>\r\n                    <td class=\"s1\" dir=\"ltr\">\r\n                        42,139\r\n                    <\/td>\r\n                <\/tr>\r\n                <tr style=\"height:20px;\">\r\n                    <td class=\"s0\" dir=\"ltr\">\r\n                        1.7\/8\" - 8 UN\r\n                    <\/td>\r\n                    <td class=\"s1\" dir=\"ltr\">\r\n                        47,566\r\n                    <\/td>\r\n                    <td class=\"s1\" dir=\"ltr\">\r\n                        47,186\r\n                    <\/td>\r\n                    <td class=\"s1\" dir=\"ltr\">\r\n                        45,504\r\n                    <\/td>\r\n                    <td class=\"s1\" dir=\"ltr\">\r\n                        45,309\r\n                    <\/td>\r\n                <\/tr>\r\n                <tr style=\"height:20px;\">\r\n                    <td class=\"s0\" dir=\"ltr\">\r\n                        2\" - 8 UN\r\n                    <\/td>\r\n                    <td class=\"s1\" dir=\"ltr\">\r\n                        50,741\r\n                    <\/td>\r\n                    <td class=\"s1\" dir=\"ltr\">\r\n                        50,361\r\n                    <\/td>\r\n                    <td class=\"s1\" dir=\"ltr\">\r\n                        48,679\r\n                    <\/td>\r\n                    <td class=\"s1\" dir=\"ltr\">\r\n                        48,481\r\n                    <\/td>\r\n                <\/tr>\r\n                <tr style=\"height:20px;\">\r\n                    <td class=\"s0\" dir=\"ltr\">\r\n                        2.1\/4\" - 8 UN\r\n                    <\/td>\r\n                    <td class=\"s1\" dir=\"ltr\">\r\n                        57,089\r\n                    <\/td>\r\n                    <td class=\"s1\" dir=\"ltr\">\r\n                        56,709\r\n                    <\/td>\r\n                    <td class=\"s1\" dir=\"ltr\">\r\n                        55,026\r\n                    <\/td>\r\n                    <td class=\"s1\" dir=\"ltr\">\r\n                        54,824\r\n                    <\/td>\r\n                <\/tr>\r\n                <tr style=\"height:20px;\">\r\n                    <td class=\"s0\" dir=\"ltr\">\r\n                        2.1\/2\" - 8 UN\r\n                    <\/td>\r\n                    <td class=\"s1\" dir=\"ltr\">\r\n                        63,439\r\n                    <\/td>\r\n                    <td class=\"s1\" dir=\"ltr\">\r\n                        63,059\r\n                    <\/td>\r\n                    <td class=\"s1\" dir=\"ltr\">\r\n                        61,376\r\n                    <\/td>\r\n                    <td class=\"s1\" dir=\"ltr\">\r\n                        61,169\r\n                    <\/td>\r\n                <\/tr>\r\n                <tr style=\"height:20px;\">\r\n                    <td class=\"s0\" dir=\"ltr\">\r\n                        2.3\/4\" - 8 UN\r\n                    <\/td>\r\n                    <td class=\"s1\" dir=\"ltr\">\r\n                        69,786\r\n                    <\/td>\r\n                    <td class=\"s1\" dir=\"ltr\">\r\n                        69,406\r\n                    <\/td>\r\n                    <td class=\"s1\" dir=\"ltr\">\r\n                        67,724\r\n                    <\/td>\r\n                    <td class=\"s1\" dir=\"ltr\">\r\n                        67,514\r\n                    <\/td>\r\n                <\/tr>\r\n                <tr style=\"height:20px;\">\r\n                    <td class=\"s0\" dir=\"ltr\">\r\n                        3\" - 8 UN\r\n                    <\/td>\r\n                    <td class=\"s1\" dir=\"ltr\">\r\n                        76,133\r\n                    <\/td>\r\n                    <td class=\"s1\" dir=\"ltr\">\r\n                        75,753\r\n                    <\/td>\r\n                    <td class=\"s1\" dir=\"ltr\">\r\n                        74,071\r\n                    <\/td>\r\n                    <td class=\"s1\" dir=\"ltr\">\r\n                        73,856\r\n                    <\/td>\r\n                <\/tr>\r\n            <\/tbody>\r\n        <\/table>\r\n    <\/figure>\r\n<\/div>\r\n\r\n\r\n<!-- Aqui vem as linhas de dados -->\r\n      <!-- ... -->\r\n   <\/table>\r\n<\/div>\r\n\t\t\t\t<\/div>\n\t\t\t\t<\/div>\n\t\t\t\t<\/div>\n\t\t\t\t\t<\/div>\n\t\t\t\t<\/div>\n\t\t\t\t<\/div>\n\t\t","protected":false},"excerpt":{"rendered":"<p>Parafuso Estojo \/ Prisioneiro \/ Tirante \/ Barra Rosqueada REFER\u00caNCIA ASME B16.5 &#8211; 2009 e ASME B1.1 Veja outros modelos Veja outros Produtos Di\u00e2metro Nominal Di\u00e2metro Externo Di\u00e2metro Primitivo Classe 2A m\u00e1x. min. m\u00e1x. min. 1\/4&#8243; &#8211; 20 UNC 6,322 6,117 5,496 5,403 5\/16&#8243; &#8211; 18 UNC 7,907 7,687 6,99 6,889 3\/8&#8243; &#8211; 16 UNC [&hellip;]<\/p>\n","protected":false},"author":1,"featured_media":0,"parent":0,"menu_order":0,"comment_status":"closed","ping_status":"closed","template":"","meta":{"footnotes":""},"class_list":["post-626","page","type-page","status-publish","hentry"],"_links":{"self":[{"href":"https:\/\/msmindustria.com.br\/index.php\/wp-json\/wp\/v2\/pages\/626","targetHints":{"allow":["GET"]}}],"collection":[{"href":"https:\/\/msmindustria.com.br\/index.php\/wp-json\/wp\/v2\/pages"}],"about":[{"href":"https:\/\/msmindustria.com.br\/index.php\/wp-json\/wp\/v2\/types\/page"}],"author":[{"embeddable":true,"href":"https:\/\/msmindustria.com.br\/index.php\/wp-json\/wp\/v2\/users\/1"}],"replies":[{"embeddable":true,"href":"https:\/\/msmindustria.com.br\/index.php\/wp-json\/wp\/v2\/comments?post=626"}],"version-history":[{"count":13,"href":"https:\/\/msmindustria.com.br\/index.php\/wp-json\/wp\/v2\/pages\/626\/revisions"}],"predecessor-version":[{"id":1140,"href":"https:\/\/msmindustria.com.br\/index.php\/wp-json\/wp\/v2\/pages\/626\/revisions\/1140"}],"wp:attachment":[{"href":"https:\/\/msmindustria.com.br\/index.php\/wp-json\/wp\/v2\/media?parent=626"}],"curies":[{"name":"wp","href":"https:\/\/api.w.org\/{rel}","templated":true}]}}